isor of p and 45?
45
Let o be 18/4 + 13/26. Let y be (o/3)/(-1 + 40/39). What is the highest common divisor of y and 13?
13
Let n be (-516)/(-20) + 10/50. Suppose d - 3*t - 55 = 0, -4*d + 3*t = -169 - 24. Let j = d - n. Calculate the highest common factor of 160 and j.
20
Suppose -4*k = 3*f - 99, -5 + 74 = 3*k + 4*f. Suppose 2*j + 14 = p + j, p - 22 = -j. Calculate the greatest common factor of k and p.
9
Let i(r) = -r**3 - 6*r**2 + 29*r - 36. Let k be i(-11). Calculate the greatest common factor of 75 and k.
25
Let f(r) = 3*r**2 + 2*r - 18. Let z be f(-6). What is the greatest common divisor of z and 598?
26
Suppose -285 - 3235 = -8*s. What is the highest common divisor of s and 10?
10
Suppose t + 3*g = 57, -t = -g - 90 + 37. Calculate the greatest common factor of t and 432.
54
Suppose 2*w - 5*f = 40, -4*f - 124 = -4*w - 5*f. Let a = -8 + w. Calculate the highest common divisor of 55 and a.
11
Suppose 39 = -3*n + 231. Let d = n + -53. What is the highest common divisor of 55 and d?
11
Suppose -208 = -4*i - 3*m, -2*i - 3*i - 4*m + 259 = 0. Let l be (22/i)/(1/(-5)). Let a be 75/18 - l/(-12). Calculate the highest common divisor of 40 and a.
4
Suppose 2*q = q + 6. Suppose 4 = -7*y + q*y. Let p be 2 + (39 - (5 + y)). What is the highest common divisor of p and 16?
8
Let k(u) = u**2 - 26*u + 139. Let i be k(31). Calculate the highest common factor of i and 30.
6
Let p(r) = 404*r**3 - 3*r + 2. Let f be p(1). Calculate the greatest common divisor of f and 155.
31
Suppose -3*g + 33 = -147. Suppose -3*x - 7*s + 2*s - 47 = 0, 4*s = x + 27. Let a = 31 + x. Calculate the greatest common divisor of g and a.
12
Let q = 155 + -25. Let t = 301 - q. Calculate the greatest common divisor of 19 and t.
19
Let h be (135/(-72))/(6/4)*-2980. Calculate the highest common divisor of h and 25.
25
Let p(o) = 4*o + 111. Let a(v) = -9*v - 223. Let m(r) = 6*a(r) + 13*p(r). Let i be m(0). Calculate the greatest common divisor of i and 15.
15
Let z be 3/(-2)*4/(-6). Suppose -5*c = -3*f - 0*f + 47, 2*f - 40 = -c. Suppose z - f = -g. What is the greatest common divisor of 12 and g?
6
Let f be (-654)/(-9) + (-2)/3. Suppose 0 = 25*m - 364 - 836. Calculate the greatest common factor of f and m.
24
Suppose 12*l - 1840 = 2*l. Suppose 0 = 4*q + 5*x - x - l, 238 = 5*q - 3*x. Calculate the greatest common divisor of 235 and q.
47
Suppose -4*i = 265 - 85. Let t = 50 + i. What is the highest common divisor of t and 50?
5
Let v = -9 + 9. Suppose v = 5*q + 2 - 27. Suppose -5*t + 5*i - q = -8*t, 5*t - 30 = -4*i. What is the greatest common factor of 50 and t?
10
Let f(b) = -91*b - 280. Let j be f(-13). What is the highest common divisor of j and 7?
7
Let f be (-1)/2 + (-77)/(-22). Suppose 0 = f*u - 0*u + a - 5, -5*u + 7 = 3*a. Calculate the highest common factor of 4 and u.
2
Suppose 9*q = c + 4*q - 6, c + q = -24. Let a = 21 - c. Calculate the greatest common factor of a and 16.
8
Suppose -73 = 2*r + 2*u - 7*u, 135 = -5*r + 3*u. Let k be (126/r)/(6/(-32)). Calculate the highest common divisor of 28 and k.
28
Let g(y) = 9*y**3 + 2*y - 1. Let w be g(1). Suppose 0 = 2*n + w - 82. What is the greatest common factor of 36 and n?
36
Suppose 0*y = -5*y - 4*j + 132, -5*y + 2*j + 114 = 0. Let k(q) = q**3 + 4*q**2 - 6*q - 1. Let d be k(-5). What is the greatest common factor of d and y?
4
Let w = 1310 - 774. What is the highest common divisor of 8 and w?
8
Let t be (-74)/(-6) - (-2)/3. Let z be (-2)/5 - (-18961)/1415. What is the highest common factor of z and t?
13
Suppose h - 2649 = -3*o + o, 3*o - 3977 = -5*h. Suppose -o = -7*a + 132. What is the greatest common factor of a and 16?
16
Let t(n) = n**2 - 4*n + 2. Let y be t(3). Let f be 20 + (y + 1 - 0). What is the greatest common divisor of f and 40?
20
Suppose 10*p - 3864 = -14*p. Calculate the greatest common factor of 7 and p.
7
Let x(f) = -2*f + 4. Let j be x(-3). Let t = -300 - -315. Calculate the highest common factor of j and t.
5
Suppose 0 = 14*s - 2*s - 240. Let p = -14 - -13. Let i be p*(-2 + -3)*6. Calculate the highest common factor of i and s.
10
Let j = 435 + -417. Calculate the highest common factor of 228 and j.
6
Let h be (3 + 0)/(-13 + 15)*4. Let v = 161 + -83. Calculate the greatest common divisor of v and h.
6
Let j = -1151 - -1152. Calculate the greatest common factor of 67 and j.
1
Let d(k) = k**2 - 17*k + 21. Let g be d(16). Suppose 144 = g*w - 76. Calculate the greatest common divisor of 396 and w.
44
Suppose -4 = i - 3*i. Let k be 7 + (i - 1)*4. Suppose -2 - 2 = -x, z + x - k = 0. Calculate the highest common factor of z and 14.
7
Let c = 904 + -894. Calculate the highest common factor of c and 110.
10
Suppose 28044 = -15*c + 33*c. What is the greatest common factor of 19 and c?
19
Let m = 37 - 25. Let s be 88 + 1 - 0/(-5). Suppose 2*t = -l + 5 + s, 3*t + l = 142. What is the highest common divisor of t and m?
12
Let c = -86 - -131. Suppose 2*r - 9 = 91. Suppose -5*z + r + c = 0. Calculate the highest common divisor of 19 and z.
19
Let q = 631 - 567. Calculate the greatest common factor of 64 and q.
64
Let k = -19 - -23. Suppose -d - k*n + 1 = 0, -3*d + 2*n + 19 = -2*n. What is the greatest common divisor of d and 55?
5
Let w(f) = -2*f + 13. Let m be w(-4). Suppose -i = -m - 3. Calculate the greatest common factor of 216 and i.
24
Let i(m) = -3*m + 11. Let w(t) = -8*t + 32. Let b(u) = -7*i(u) + 2*w(u). Let s be b(9). What is the greatest common factor of s and 4?
4
Let u be ((-15)/(-10))/(6/(-20)). Let p be 2107/u + (-3)/5. Let f = p - -609. What is the highest common factor of 17 and f?
17
Let v be (201 - 19) + 3 + -5. Calculate the highest common factor of 24 and v.
12
Suppose -j = 8*y - 12*y + 6, -25 = -5*y. Suppose v + 2*v + 3*o - 90 = 0, -3*o - 85 = -2*v. What is the greatest common divisor of v and j?
7
Suppose 3*i = 7*u - 12*u + 63, -u + 17 = 5*i. What is the greatest common divisor of 48 and u?
12
Let h be 7 - 3*(-4 + 5). Let q be (7 - h - 0)/1. Calculate the highest common factor of q and 9.
3
Suppose -3*d + 3 = -0. Let a be (-1 + d)/(14 + -12). Let f be (a - -3) + 36/3. What is the highest common divisor of f and 30?
15
Let u = -234 - -311. Calculate the highest common divisor of 44 and u.
11
Let s(p) = 3*p - 3. Let o be s(9). Let j = o + -5. Calculate the highest common factor of j and 209.
19
Let o be 7/3*(-3)/1. Let h = o + 12. Let f(k) = k**2 + 10*k - 9. Let j be f(-11). What is the greatest common factor of h and j?
1
Let g(n) = 56*n**3 + 6*n**2 - 5*n. Let h be g(1). Calculate the greatest common divisor of h and 38.
19
Let g be 21/14 + 2/4. Suppose -3*c = 2*a + 6, 9 = -g*c + 3*c - 3*a. Suppose c = -13*d + 10*d + 240. Calculate the highest common divisor of d and 32.
16
Suppose -4*x = -2*v + 26, -v - 51 = -4*v + 2*x. Suppose v - 18 = s. What is the greatest common factor of 3 and s?
1
Let x = 385 - 187. Suppose 2*p = p + x. Calculate the greatest common divisor of 18 and p.
18
Let l(f) = 2*f + 17. Let t be l(-8). Suppose -2 - t = -r. What is the greatest common factor of 3 and r?
3
Suppose 12*u - 20*u = -352. Calculate the greatest common divisor of 11 and u.
11
Let x be ((-6)/(-57))/((-20)/(-380)). What is the highest common divisor of 254 and x?
2
Let i = 56 - 53. Suppose 0*s + 6 = i*s. Calculate the greatest common divisor of s and 6.
2
Let u be ((-4)/6)/((-8)/36). Let j be (u + 1)*(-7)/(-4). Let i = 583 + -527. Calculate the highest common factor of j and i.
7
Let s be 630/(-7) + (1 - -1). Let k = s + 106. Calculate the highest common factor of 9 and k.
9
Suppose -2*r + 3*r - 28 = 0. Let b = 435 - 239. Calculate the greatest common factor of b and r.
28
Let m = -229 - -316. Calculate the highest common divisor of 29 and m.
29
Let a(x) = -2*x**3 - 4*x**2 - 3*x - 3. Let k be a(-3). Suppose 40*c - 5409 = -609. What is the highest common divisor of k and c?
24
Let c(z) = 8*z**2 + 9*z - 3. Let v be c(5). What is the greatest common factor of v and 110?
22
Let n = -4 - -7. Suppose 4*x - 17 = -125. Let i be 2/4*-6 - x. Calculate the greatest common divisor of n and i.
3
Let j be ((-104)/(-40) + -5)*(-130)/3. Calculate the highest common factor of 13 and j.
13
Let u(p) be the third derivative of p**5/60 - p**4/6 - 7*p**3/6 + 10*p**2. Let x be u(8). What is the highest common factor of 275 and x?
25
Supp